{"version":"1.0","provider_name":"Ecovies de Girona","provider_url":"https:\/\/www.viesverdes.cat\/fr\/","author_name":"viesverdes2","author_url":"https:\/\/www.viesverdes.cat\/fr\/author\/viesverdes2\/","title":"La Cellera de Ter - Ecovies de Girona","type":"rich","width":600,"height":338,"html":"<blockquote class=\"wp-embedded-content\" data-secret=\"PUAUnP64kL\"><a href=\"https:\/\/www.viesverdes.cat\/fr\/que_visitar\/la-cellera-de-ter\/\">La Cellera de Ter<\/a><\/blockquote><iframe sandbox=\"allow-scripts\" security=\"restricted\" src=\"https:\/\/www.viesverdes.cat\/fr\/que_visitar\/la-cellera-de-ter\/embed\/#?secret=PUAUnP64kL\" width=\"600\" height=\"338\" title=\"\u00ab\u00a0La Cellera de Ter\u00a0\u00bb &#8212; Ecovies de Girona\" data-secret=\"PUAUnP64kL\" frameborder=\"0\" marginwidth=\"0\" marginheight=\"0\" scrolling=\"no\" class=\"wp-embedded-content\"><\/iframe><script type=\"text\/javascript\">\n\/* <![CDATA[ *\/\n\/*! This file is auto-generated *\/\n!function(d,l){\"use strict\";l.querySelector&&d.addEventListener&&\"undefined\"!=typeof URL&&(d.wp=d.wp||{},d.wp.receiveEmbedMessage||(d.wp.receiveEmbedMessage=function(e){var t=e.data;if((t||t.secret||t.message||t.value)&&!\/[^a-zA-Z0-9]\/.test(t.secret)){for(var s,r,n,a=l.querySelectorAll('iframe[data-secret=\"'+t.secret+'\"]'),o=l.querySelectorAll('blockquote[data-secret=\"'+t.secret+'\"]'),c=new RegExp(\"^https?:$\",\"i\"),i=0;i<o.length;i++)o[i].style.display=\"none\";for(i=0;i<a.length;i++)s=a[i],e.source===s.contentWindow&&(s.removeAttribute(\"style\"),\"height\"===t.message?(1e3<(r=parseInt(t.value,10))?r=1e3:~~r<200&&(r=200),s.height=r):\"link\"===t.message&&(r=new URL(s.getAttribute(\"src\")),n=new URL(t.value),c.test(n.protocol))&&n.host===r.host&&l.activeElement===s&&(d.top.location.href=t.value))}},d.addEventListener(\"message\",d.wp.receiveEmbedMessage,!1),l.addEventListener(\"DOMContentLoaded\",function(){for(var e,t,s=l.querySelectorAll(\"iframe.wp-embedded-content\"),r=0;r<s.length;r++)(t=(e=s[r]).getAttribute(\"data-secret\"))||(t=Math.random().toString(36).substring(2,12),e.src+=\"#?secret=\"+t,e.setAttribute(\"data-secret\",t)),e.contentWindow.postMessage({message:\"ready\",secret:t},\"*\")},!1)))}(window,document);\n\/* ]]> *\/\n<\/script>\n","description":"1. LA CONSTRUCTION DU CANAL DE LA BUR\u00c9S PAR DES BATAILLONS DE TRAVAILLEURS (1939) En 1939, \u00e0 la fin de la guerre civile, en Catalogne, comme dans le reste de l\u2019Espagne, se trouvait un grand nombre de prisonniers consid\u00e9r\u00e9s comme hostiles au r\u00e9gime. Il s\u2019agissait d\u2019activistes politiques, d\u2019anciens combattants r\u00e9publicains ou de personnes qui s\u2019\u00e9taient [&hellip;]"}

1. LA CONSTRUCTION DU CANAL DE LA BURÉS PAR DES BATAILLONS DE TRAVAILLEURS (1939) En 1939, à la fin de la guerre civile, en Catalogne, comme dans le reste de l’Espagne, se trouvait un grand nombre de prisonniers considérés comme hostiles au régime. Il s’agissait d’activistes politiques, d’anciens combattants républicains ou de personnes qui s’étaient [&hellip;]
