{"version":"1.0","provider_name":"Ecovies de Girona","provider_url":"https:\/\/www.viesverdes.cat\/fr\/","author_name":"viesverdes2","author_url":"https:\/\/www.viesverdes.cat\/fr\/author\/viesverdes2\/","title":"Moll\u00f3 - Ecovies de Girona","type":"rich","width":600,"height":338,"html":"<blockquote class=\"wp-embedded-content\" data-secret=\"QPp6NDNuZd\"><a href=\"https:\/\/www.viesverdes.cat\/fr\/que_visitar\/mollo\/\">Moll\u00f3<\/a><\/blockquote><iframe sandbox=\"allow-scripts\" security=\"restricted\" src=\"https:\/\/www.viesverdes.cat\/fr\/que_visitar\/mollo\/embed\/#?secret=QPp6NDNuZd\" width=\"600\" height=\"338\" title=\"\u00ab\u00a0Moll\u00f3\u00a0\u00bb &#8212; Ecovies de Girona\" data-secret=\"QPp6NDNuZd\" frameborder=\"0\" marginwidth=\"0\" marginheight=\"0\" scrolling=\"no\" class=\"wp-embedded-content\"><\/iframe><script type=\"text\/javascript\">\n\/* <![CDATA[ *\/\n\/*! This file is auto-generated *\/\n!function(d,l){\"use strict\";l.querySelector&&d.addEventListener&&\"undefined\"!=typeof URL&&(d.wp=d.wp||{},d.wp.receiveEmbedMessage||(d.wp.receiveEmbedMessage=function(e){var t=e.data;if((t||t.secret||t.message||t.value)&&!\/[^a-zA-Z0-9]\/.test(t.secret)){for(var s,r,n,a=l.querySelectorAll('iframe[data-secret=\"'+t.secret+'\"]'),o=l.querySelectorAll('blockquote[data-secret=\"'+t.secret+'\"]'),c=new RegExp(\"^https?:$\",\"i\"),i=0;i<o.length;i++)o[i].style.display=\"none\";for(i=0;i<a.length;i++)s=a[i],e.source===s.contentWindow&&(s.removeAttribute(\"style\"),\"height\"===t.message?(1e3<(r=parseInt(t.value,10))?r=1e3:~~r<200&&(r=200),s.height=r):\"link\"===t.message&&(r=new URL(s.getAttribute(\"src\")),n=new URL(t.value),c.test(n.protocol))&&n.host===r.host&&l.activeElement===s&&(d.top.location.href=t.value))}},d.addEventListener(\"message\",d.wp.receiveEmbedMessage,!1),l.addEventListener(\"DOMContentLoaded\",function(){for(var e,t,s=l.querySelectorAll(\"iframe.wp-embedded-content\"),r=0;r<s.length;r++)(t=(e=s[r]).getAttribute(\"data-secret\"))||(t=Math.random().toString(36).substring(2,12),e.src+=\"#?secret=\"+t,e.setAttribute(\"data-secret\",t)),e.contentWindow.postMessage({message:\"ready\",secret:t},\"*\")},!1)))}(window,document);\n\/* ]]> *\/\n<\/script>\n","description":"1. VOIE DU RETRAIT DE MOLL\u00d3 \u00c0 PRATS DE MOLL\u00d3 A la fin de la Guerre Civile Espagnole, entre le 27 janvier et le 13 f\u00e9vrier 1939, 85.000 \u00e0 95.000 personnes traversent les Pyr\u00e9n\u00e9es, par les Vall\u00e9es de Camprodon et du Vallespir. Un chemin vers l\u2019exil, long et mis\u00e9rable pour beaucoup d\u2019entre eux. Dans un [&hellip;]"}

Molló - Ecovies de Girona

<blockquote class="wp-embedded-content" data-secret="QPp6NDNuZd"><a href="https://www.viesverdes.cat/fr/que_visitar/mollo/">Molló</a></blockquote><iframe sandbox="allow-scripts" security="restricted" src="https://www.viesverdes.cat/fr/que_visitar/mollo/embed/#?secret=QPp6NDNuZd" width="600" height="338" title="« Molló » &#8212; Ecovies de Girona" data-secret="QPp6NDNuZd" frameborder="0" marginwidth="0" marginheight="0" scrolling="no" class="wp-embedded-content"></iframe><script type="text/javascript">
/* <![CDATA[ */
/*! This file is auto-generated */
!function(d,l){"use strict";l.querySelector&&d.addEventListener&&"undefined"!=typeof URL&&(d.wp=d.wp||{},d.wp.receiveEmbedMessage||(d.wp.receiveEmbedMessage=function(e){var t=e.data;if((t||t.secret||t.message||t.value)&&!/[^a-zA-Z0-9]/.test(t.secret)){for(var s,r,n,a=l.querySelectorAll('iframe[data-secret="'+t.secret+'"]'),o=l.querySelectorAll('blockquote[data-secret="'+t.secret+'"]'),c=new RegExp("^https?:$","i"),i=0;i<o.length;i++)o[i].style.display="none";for(i=0;i<a.length;i++)s=a[i],e.source===s.contentWindow&&(s.removeAttribute("style"),"height"===t.message?(1e3<(r=parseInt(t.value,10))?r=1e3:~~r<200&&(r=200),s.height=r):"link"===t.message&&(r=new URL(s.getAttribute("src")),n=new URL(t.value),c.test(n.protocol))&&n.host===r.host&&l.activeElement===s&&(d.top.location.href=t.value))}},d.addEventListener("message",d.wp.receiveEmbedMessage,!1),l.addEventListener("DOMContentLoaded",function(){for(var e,t,s=l.querySelectorAll("iframe.wp-embedded-content"),r=0;r<s.length;r++)(t=(e=s[r]).getAttribute("data-secret"))||(t=Math.random().toString(36).substring(2,12),e.src+="#?secret="+t,e.setAttribute("data-secret",t)),e.contentWindow.postMessage({message:"ready",secret:t},"*")},!1)))}(window,document);
/* ]]> */
</script>

1. VOIE DU RETRAIT DE MOLLÓ À PRATS DE MOLLÓ A la fin de la Guerre Civile Espagnole, entre le 27 janvier et le 13 février 1939, 85.000 à 95.000 personnes traversent les Pyrénées, par les Vallées de Camprodon et du Vallespir. Un chemin vers l’exil, long et misérable pour beaucoup d’entre eux. Dans un [&hellip;]
